{"id":338,"date":"2026-04-28T03:56:30","date_gmt":"2026-04-28T03:56:30","guid":{"rendered":"https:\/\/enee.edu.mx\/inclusioneducativa\/?page_id=338"},"modified":"2026-05-09T04:13:36","modified_gmt":"2026-05-09T04:13:36","slug":"normatividad","status":"publish","type":"page","link":"https:\/\/enee.edu.mx\/inclusioneducativa\/normatividad\/","title":{"rendered":"compendionormativo"},"content":{"rendered":"\n<style>\n.encabezado-clean{\n  max-width: 1080px;\n  margin: 0 auto 18px auto;\n  padding: 0 20px;\n  font-family: Calibri, Arial, sans-serif;\n}\n\n.encabezado-clean-box{\n  display: flex;\n  align-items: center;\n  gap: 22px;\n  padding: 18px 6px 10px 6px;\n}\n\n.encabezado-clean-acento{\n  width: 6px;\n  min-height: 95px;\n  border-radius: 6px;\n  background: linear-gradient(to bottom, #b45590, #3f5c8a, #c08a46);\n  flex-shrink: 0;\n}\n\n.encabezado-clean-contenido{\n  flex: 1;\n}\n\n.encabezado-clean-etiqueta{\n  font-size: 11px;\n  font-weight: bold;\n  letter-spacing: 2px;\n  color: #b45590;\n  text-transform: uppercase;\n  margin-bottom: 6px;\n}\n\n.encabezado-clean-titulo{\n  margin: 0 0 6px 0;\n  font-size: 23pt;\n  line-height: 1.1;\n  font-weight: bold;\n  color: #3f5c8a;\n}\n\n.encabezado-clean-subtitulo{\n  max-width: 720px;\n  font-size: 11.5pt;\n  line-height: 1.6;\n  color: #666666;\n}\n\n@media (max-width: 768px){\n  .encabezado-clean-box{\n    flex-direction: column;\n    align-items: flex-start;\n    gap: 12px;\n  }\n\n  .encabezado-clean-acento{\n    width: 100%;\n    min-height: 6px;\n  }\n\n  .encabezado-clean-titulo{\n    font-size: 20pt;\n  }\n}\n<\/style>\n\n<div class=\"encabezado-clean\">\n  <div class=\"encabezado-clean-box\">\n\n    <div class=\"encabezado-clean-acento\"><\/div>\n\n    <div class=\"encabezado-clean-contenido\">\n      <div class=\"encabezado-clean-etiqueta\">Normatividad<\/div>\n\n      <h1 class=\"encabezado-clean-titulo\">\n        Compendio normativo\n      <\/h1>\n\n      <div class=\"encabezado-clean-subtitulo\">\n        Consulte los documentos que orientan la organizaci\u00f3n, funcionamiento y vida institucional.\n      <\/div>\n    <\/div>\n\n  <\/div>\n<\/div>\n\n\n\n<style>\n.normativa-seccion{\n  font-family: Calibri, Arial, sans-serif;\n  background:#ffffff;\n  padding:10px 20px 35px;\n}\n\n.normativa-contenedor{\n  max-width:1080px;\n  margin:0 auto;\n}\n\n.normativa-intro{\n  max-width:900px;\n  margin:0 auto 24px;\n  font-size:12pt;\n  line-height:1.6;\n  color:#555;\n  text-align:justify;\n}\n\n.normativa-grid{\n  display:grid;\n  grid-template-columns:repeat(2,minmax(0,1fr));\n  gap:18px;\n}\n\n.normativa-card{\n  border:1px solid #e7e7ec;\n  border-radius:18px;\n  background:#ffffff;\n  box-shadow:0 8px 20px rgba(15,23,42,.06);\n  overflow:hidden;\n}\n\n.normativa-card-titulo{\n  padding:14px 18px;\n  background:linear-gradient(90deg,#3f5c8a,#b45590);\n  color:#ffffff;\n  font-size:13pt;\n  font-weight:bold;\n}\n\n.normativa-lista{\n  padding:12px 18px 16px;\n}\n\n.normativa-item{\n  display:flex;\n  align-items:flex-start;\n  gap:10px;\n  padding:10px 0;\n  border-bottom:1px solid #eeeeee;\n  font-size:11.5pt;\n  line-height:1.45;\n}\n\n.normativa-item:last-child{\n  border-bottom:0;\n}\n\n.normativa-punto{\n  width:8px;\n  height:8px;\n  border-radius:50%;\n  background:#c08a46;\n  margin-top:8px;\n  flex:0 0 auto;\n}\n\n.normativa-item a{\n  color:#444;\n  text-decoration:none;\n}\n\n.normativa-item a:hover{\n  color:#b45590;\n  text-decoration:underline;\n}\n\n@media(max-width:768px){\n  .normativa-grid{\n    grid-template-columns:1fr;\n  }\n\n  .normativa-intro{\n    font-size:11.5pt;\n  }\n\n  .normativa-card-titulo{\n    font-size:12.5pt;\n  }\n\n  .normativa-item{\n    font-size:11pt;\n  }\n}\n<\/style>\n\n<section class=\"normativa-seccion\">\n  <div class=\"normativa-contenedor\">\n\n    <div class=\"normativa-intro\">\n      En este apartado se integra el marco normativo que orienta la vida institucional, acad\u00e9mica, administrativa y de convivencia de la Escuela Normal de Educaci\u00f3n Especial \u201cGraciela Pintado de Madrazo\u201d. Los documentos se organizan por categor\u00edas para facilitar su consulta.\n    <\/div>\n\n    <div class=\"normativa-grid\">\n\n      <div class=\"normativa-card\">\n        <div class=\"normativa-card-titulo\">Marco constitucional y derechos humanos<\/div>\n        <div class=\"normativa-lista\">\n          <div class=\"normativa-item\"><span class=\"normativa-punto\"><\/span><a href=\"https:\/\/enee.edu.mx\/inclusioneducativa\/wp-content\/uploads\/2026\/04\/Constitucion-Politica-de-los-Estados-Unidos-Mexicanos.pdf\" target=\"_blank\">Constituci\u00f3n Pol\u00edtica de los Estados Unidos Mexicanos<\/a><\/div>\n          <div class=\"normativa-item\"><span class=\"normativa-punto\"><\/span><a href=\"https:\/\/enee.edu.mx\/inclusioneducativa\/wp-content\/uploads\/2026\/04\/Constitucion-Politica-del-Estado-de-Tabasco.pdf\" target=\"_blank\">Constituci\u00f3n Pol\u00edtica del Estado de Tabasco<\/a><\/div>\n          <div class=\"normativa-item\"><span class=\"normativa-punto\"><\/span><a href=\"https:\/\/enee.edu.mx\/inclusioneducativa\/wp-content\/uploads\/2026\/04\/Convencion-Americana-de-los-Derechos-Humanos.pdf\" target=\"_blank\">Convenci\u00f3n Americana de los Derechos Humanos<\/a><\/div>\n          <div class=\"normativa-item\"><span class=\"normativa-punto\"><\/span><a href=\"https:\/\/enee.edu.mx\/inclusioneducativa\/wp-content\/uploads\/2026\/04\/Convencion-sobre-los-Derechos-del-Nino.pdf\" target=\"_blank\">Convenci\u00f3n sobre los Derechos del Ni\u00f1o<\/a><\/div>\n        <\/div>\n      <\/div>\n\n      <div class=\"normativa-card\">\n        <div class=\"normativa-card-titulo\">Educaci\u00f3n y educaci\u00f3n superior<\/div>\n        <div class=\"normativa-lista\">\n          <div class=\"normativa-item\"><span class=\"normativa-punto\"><\/span><a href=\"https:\/\/enee.edu.mx\/inclusioneducativa\/wp-content\/uploads\/2026\/04\/Ley-General-de-Educacion-2019.pdf\" target=\"_blank\">Ley General de Educaci\u00f3n<\/a><\/div>\n          <div class=\"normativa-item\"><span class=\"normativa-punto\"><\/span><a href=\"https:\/\/enee.edu.mx\/inclusioneducativa\/wp-content\/uploads\/2026\/04\/Ley-General-de-Educacion-Superior-2021.pdf\" target=\"_blank\">Ley General de Educaci\u00f3n Superior<\/a><\/div>\n          <div class=\"normativa-item\"><span class=\"normativa-punto\"><\/span><a href=\"https:\/\/enee.edu.mx\/inclusioneducativa\/wp-content\/uploads\/2026\/04\/Ley-de-Educacion-del-Estado-de-Tabasco.pdf\" target=\"_blank\">Ley de Educaci\u00f3n del Estado de Tabasco<\/a><\/div>\n          <div class=\"normativa-item\"><span class=\"normativa-punto\"><\/span><a href=\"https:\/\/enee.edu.mx\/inclusioneducativa\/wp-content\/uploads\/2026\/04\/Acuerdo-que-establece-que-la-Educacion-Normal-en-su-Nivel-inicial-y-en-cualquiera-de-sus-tipos-y-especialidades-tendra-el-Grado-Academico-de-Licenciatura.pdf\" target=\"_blank\">Acuerdo que establece que la Educaci\u00f3n Normal tendr\u00e1 el Grado Acad\u00e9mico de Licenciatura<\/a><\/div>\n        <\/div>\n      <\/div>\n\n      <div class=\"normativa-card\">\n        <div class=\"normativa-card-titulo\">Trabajo, servicio p\u00fablico y responsabilidades<\/div>\n        <div class=\"normativa-lista\">\n          <div class=\"normativa-item\"><span class=\"normativa-punto\"><\/span><a href=\"https:\/\/enee.edu.mx\/inclusioneducativa\/wp-content\/uploads\/2026\/04\/Ley-Federal-del-Trabajo-2019.pdf\" target=\"_blank\">Ley Federal del Trabajo<\/a><\/div>\n          <div class=\"normativa-item\"><span class=\"normativa-punto\"><\/span><a href=\"https:\/\/enee.edu.mx\/inclusioneducativa\/wp-content\/uploads\/2026\/04\/Ley-General-de-Responsabilidades-Admisntrativas-2019.pdf\" target=\"_blank\">Ley General de Responsabilidades Administrativas<\/a><\/div>\n          <div class=\"normativa-item\"><span class=\"normativa-punto\"><\/span><a href=\"https:\/\/enee.edu.mx\/inclusioneducativa\/wp-content\/uploads\/2026\/04\/Ley-Federal-de-los-Trabajadores-al-Servicio-del-Estado-2021.pdf\" target=\"_blank\">Ley Federal de los Trabajadores al Servicio del Estado<\/a><\/div>\n          <div class=\"normativa-item\"><span class=\"normativa-punto\"><\/span><a href=\"https:\/\/enee.edu.mx\/inclusioneducativa\/wp-content\/uploads\/2026\/04\/Ley-de-los-Trabajadores-al-Servicio-del-Estado-de-Tabasco-2019.pdf\" target=\"_blank\">Ley de los Trabajadores al Servicio del Estado de Tabasco<\/a><\/div>\n          <div class=\"normativa-item\"><span class=\"normativa-punto\"><\/span><a href=\"https:\/\/enee.edu.mx\/inclusioneducativa\/wp-content\/uploads\/2026\/04\/Ley-de-Seguridad-Social-del-Estado-de-Tabasco-2019.pdf\" target=\"_blank\">Ley de Seguridad Social del Estado de Tabasco<\/a><\/div>\n        <\/div>\n      <\/div>\n\n      <div class=\"normativa-card\">\n        <div class=\"normativa-card-titulo\">Transparencia, igualdad y protecci\u00f3n de derechos<\/div>\n        <div class=\"normativa-lista\">\n          <div class=\"normativa-item\"><span class=\"normativa-punto\"><\/span><a href=\"https:\/\/enee.edu.mx\/inclusioneducativa\/wp-content\/uploads\/2026\/04\/Ley-General-de-Aacceso-a-las-Mujeres-a-una-Vida-Libre-de-Violencia.pdf\" target=\"_blank\">Ley General de Acceso a las Mujeres a una Vida Libre de Violencia<\/a><\/div>\n          <div class=\"normativa-item\"><span class=\"normativa-punto\"><\/span><a href=\"https:\/\/enee.edu.mx\/inclusioneducativa\/wp-content\/uploads\/2026\/04\/Ley-de-Transparencia-y-Accesos-a-la-Informacion-Publica-Tabasco.pdf\" target=\"_blank\">Ley de Transparencia y Acceso a la Informaci\u00f3n P\u00fablica Tabasco<\/a><\/div>\n          <div class=\"normativa-item\"><span class=\"normativa-punto\"><\/span><a href=\"https:\/\/enee.edu.mx\/inclusioneducativa\/wp-content\/uploads\/2026\/04\/Ley-de-los-Derechos-de-Ninas-Ninos-y-Adolescentes-del-Estado-de-Tabasco.pdf\" target=\"_blank\">Ley de los Derechos de Ni\u00f1as, Ni\u00f1os y Adolescentes del Estado de Tabasco<\/a><\/div>\n          <div class=\"normativa-item\"><span class=\"normativa-punto\"><\/span><a href=\"https:\/\/enee.edu.mx\/inclusioneducativa\/wp-content\/uploads\/2026\/04\/Lineamientos-de-reparacion-del-dano-en-casos-de-discriminacion.pdf\" target=\"_blank\">Lineamientos de reparaci\u00f3n del da\u00f1o en casos de discriminaci\u00f3n<\/a><\/div>\n        <\/div>\n      <\/div>\n\n      <div class=\"normativa-card\">\n        <div class=\"normativa-card-titulo\">Reglamentos institucionales y laborales<\/div>\n        <div class=\"normativa-lista\">\n          <div class=\"normativa-item\"><span class=\"normativa-punto\"><\/span><a href=\"https:\/\/enee.edu.mx\/inclusioneducativa\/wp-content\/uploads\/2026\/04\/Reglamento-Interior-SETAB.pdf\" target=\"_blank\">Reglamento Interior de la Secretar\u00eda de Educaci\u00f3n<\/a><\/div>\n          <div class=\"normativa-item\"><span class=\"normativa-punto\"><\/span><a href=\"https:\/\/enee.edu.mx\/inclusioneducativa\/wp-content\/uploads\/2026\/04\/Reglamento-de-las-Condiciones-Generales-de-Trabajo-del-Personal-de-la-SEP.pdf\" target=\"_blank\">Reglamento de las Condiciones Generales de Trabajo del Personal de la Secretar\u00eda de Educaci\u00f3n P\u00fablica<\/a><\/div>\n          <div class=\"normativa-item\"><span class=\"normativa-punto\"><\/span><a href=\"https:\/\/enee.edu.mx\/inclusioneducativa\/wp-content\/uploads\/2026\/04\/REGLAMENTO-INTERIOR-DE-TRABAJO-DEL-PERSONAL-ACADEMICO-DEL-SUBSISTEMA-DE-EDUCACION-NORMAL-DE-LA-SECRETARIA-DE-EDUCACION-DEL-ESTADO-DE-TABASCO.pdf\" target=\"_blank\">Reglamento Interior de Trabajo del Personal Acad\u00e9mico del Subsistema de Educaci\u00f3n Normal<\/a><\/div>\n        <\/div>\n      <\/div>\n\n      <div class=\"normativa-card\">\n        <div class=\"normativa-card-titulo\">Control escolar y formaci\u00f3n docente<\/div>\n        <div class=\"normativa-lista\">\n          <div class=\"normativa-item\"><span class=\"normativa-punto\"><\/span><a href=\"https:\/\/enee.edu.mx\/inclusioneducativa\/wp-content\/uploads\/2026\/04\/Normas-de-Control-Escolar-Plan-2018-para-las-Licenciatura-de-Formacion-Docente-de-Escuelas-Normales.pdf\" target=\"_blank\">Normas Espec\u00edficas de Control Escolar de Licenciaturas para la Formaci\u00f3n de Docentes de Educaci\u00f3n B\u00e1sica, Planes 2018<\/a><\/div>\n          <div class=\"normativa-item\"><span class=\"normativa-punto\"><\/span><a href=\"https:\/\/enee.edu.mx\/inclusioneducativa\/wp-content\/uploads\/2026\/04\/Normas-de-Control-Escolar-Plan-2022-para-las-Licenciaturas-de-Formacion-Docente-de-las-Escuelas-Normales.pdf\" target=\"_blank\">Normas de Control Escolar para Licenciaturas de Formaci\u00f3n de Maestras y Maestros de Educaci\u00f3n B\u00e1sica, Planes 2022<\/a><\/div>\n        <\/div>\n      <\/div>\n\n      <div class=\"normativa-card\">\n        <div class=\"normativa-card-titulo\">C\u00f3digos de \u00e9tica y conducta<\/div>\n        <div class=\"normativa-lista\">\n          <div class=\"normativa-item\"><span class=\"normativa-punto\"><\/span><a href=\"https:\/\/enee.edu.mx\/inclusioneducativa\/wp-content\/uploads\/2026\/04\/DOF-Codigo-de-conducta.pdf\" target=\"_blank\">ACUERDO n\u00famero 16\/08\/19 por el que se expide el C\u00f3digo de Conducta para las Personas Servidoras P\u00fablicas de la SEP<\/a><\/div>\n          <div class=\"normativa-item\"><span class=\"normativa-punto\"><\/span><a href=\"https:\/\/enee.edu.mx\/inclusioneducativa\/wp-content\/uploads\/2026\/04\/Codigo-de-conducta-SETAB.pdf\" target=\"_blank\">C\u00f3digo de Conducta de la Secretar\u00eda de Educaci\u00f3n del Estado de Tabasco<\/a><\/div>\n          <div class=\"normativa-item\"><span class=\"normativa-punto\"><\/span><a href=\"https:\/\/enee.edu.mx\/inclusioneducativa\/wp-content\/uploads\/2026\/04\/Codigo-de-etica-de-la-Ley-General-de-Responsabilidades-Administrativas.pdf\" target=\"_blank\">C\u00f3digo de \u00c9tica de la Ley General de Responsabilidades Administrativas<\/a><\/div>\n        <\/div>\n      <\/div>\n\n      <div class=\"normativa-card\">\n        <div class=\"normativa-card-titulo\">Convivencia, protecci\u00f3n y prevenci\u00f3n<\/div>\n        <div class=\"normativa-lista\">\n          <div class=\"normativa-item\"><span class=\"normativa-punto\"><\/span><a href=\"https:\/\/enee.edu.mx\/inclusioneducativa\/wp-content\/uploads\/2026\/04\/Protocolo-de-prevencion-deteccion-y-actuacion-para-atender-violencia-y-acoso-escolar-contra-ninos-ninas-y-adolescentes-de-educacion-basica-y-media-superior-de-Tabasco.pdf\" target=\"_blank\">Protocolo de Prevenci\u00f3n, Detecci\u00f3n y Actuaci\u00f3n para atender la Violencia y Acoso Escolar contra Ni\u00f1as, Ni\u00f1os y Adolescentes<\/a><\/div>\n          <div class=\"normativa-item\"><span class=\"normativa-punto\"><\/span><a href=\"https:\/\/enee.edu.mx\/inclusioneducativa\/wp-content\/uploads\/2026\/04\/Programa-nacional-de-convivencia-escolar.pdf\" target=\"_blank\">Programa Nacional de Convivencia Escolar<\/a><\/div>\n          <div class=\"normativa-item\"><span class=\"normativa-punto\"><\/span><a href=\"https:\/\/enee.edu.mx\/inclusioneducativa\/wp-content\/uploads\/2026\/04\/Protocolo-de-prevencion-deteccion-y-atencion-en-caso-de-abuso-sexual-contra-ninas-ninos-y-adolescentes.pdf\" target=\"_blank\">Protocolo de prevenci\u00f3n, detecci\u00f3n y atenci\u00f3n en caso de abuso sexual contra ni\u00f1as, ni\u00f1os y adolescentes<\/a><\/div>\n        <\/div>\n      <\/div>\n\n    <\/div>\n\n  <\/div>\n<\/section>\n\n\n\n<style>\n.contador-visitas{\n  margin-top: 26px;\n  text-align: center;\n  font-family: Calibri, Arial, sans-serif;\n}\n\n.contador-box{\n  display: inline-flex;\n  align-items: center;\n  justify-content: center;\n  gap: 8px;\n  padding: 11px 22px;\n  border-radius: 14px;\n  background: linear-gradient(90deg, #3f5c8a, #6fa8dc);\n  color: #ffffff;\n  font-size: 13pt;\n  font-weight: bold;\n  letter-spacing: 1.5px;\n}\n<\/style>\n\n<div class=\"contador-visitas\">\n  <div class=\"contador-box\" id=\"contadorVisitasEnee\">\n    00000 visitas\n  <\/div>\n<\/div>\n\n<script>\n(function(){\n  var pagina = window.location.pathname\n    .replace(\/^\\\/|\\\/$\/g, \"\")\n    .replace(\/[^a-zA-Z0-9]\/g, \"-\");\n\n  if (pagina === \"\") {\n    pagina = \"inicio\";\n  }\n\n  var hoy = new Date().toISOString().slice(0, 10);\n  var llavePagina = \"enee-inclusioneducativa-\" + pagina;\n  var llaveLocal = \"contador-\" + llavePagina;\n  var ultimaVisita = localStorage.getItem(llaveLocal);\n\n  function mostrar(valor){\n    valor = parseInt(valor, 10);\n    if (isNaN(valor)) {\n      valor = 0;\n    }\n\n    document.getElementById(\"contadorVisitasEnee\").textContent =\n      String(valor).padStart(5, \"0\") + \" visitas\";\n  }\n\n  if (ultimaVisita === hoy) {\n    fetch(\"https:\/\/countapi.mileshilliard.com\/api\/v1\/get\/\" + llavePagina)\n      .then(function(res){ return res.json(); })\n      .then(function(data){ mostrar(data.value); })\n      .catch(function(){ mostrar(0); });\n  } else {\n    fetch(\"https:\/\/countapi.mileshilliard.com\/api\/v1\/hit\/\" + llavePagina)\n      .then(function(res){ return res.json(); })\n      .then(function(data){\n        localStorage.setItem(llaveLocal, hoy);\n        mostrar(data.value);\n      })\n      .catch(function(){ mostrar(0); });\n  }\n})();\n<\/script>\n","protected":false},"excerpt":{"rendered":"<p>Normatividad Compendio normativo Consulte los documentos que orientan la organizaci\u00f3n, funcionamiento y vida institucional. En este apartado se integra el marco normativo que orienta la vida institucional, acad\u00e9mica, administrativa y de convivencia de la Escuela Normal de Educaci\u00f3n Especial \u201cGraciela Pintado de Madrazo\u201d. Los documentos se organizan por categor\u00edas para facilitar su consulta. Marco constitucional [&hellip;]<\/p>\n","protected":false},"author":1,"featured_media":0,"parent":0,"menu_order":0,"comment_status":"closed","ping_status":"closed","template":"","meta":{"footnotes":""},"class_list":["post-338","page","type-page","status-publish","hentry"],"_hostinger_reach_plugin_has_subscription_block":false,"_hostinger_reach_plugin_is_elementor":false,"_links":{"self":[{"href":"https:\/\/enee.edu.mx\/inclusioneducativa\/wp-json\/wp\/v2\/pages\/338","targetHints":{"allow":["GET"]}}],"collection":[{"href":"https:\/\/enee.edu.mx\/inclusioneducativa\/wp-json\/wp\/v2\/pages"}],"about":[{"href":"https:\/\/enee.edu.mx\/inclusioneducativa\/wp-json\/wp\/v2\/types\/page"}],"author":[{"embeddable":true,"href":"https:\/\/enee.edu.mx\/inclusioneducativa\/wp-json\/wp\/v2\/users\/1"}],"replies":[{"embeddable":true,"href":"https:\/\/enee.edu.mx\/inclusioneducativa\/wp-json\/wp\/v2\/comments?post=338"}],"version-history":[{"count":7,"href":"https:\/\/enee.edu.mx\/inclusioneducativa\/wp-json\/wp\/v2\/pages\/338\/revisions"}],"predecessor-version":[{"id":448,"href":"https:\/\/enee.edu.mx\/inclusioneducativa\/wp-json\/wp\/v2\/pages\/338\/revisions\/448"}],"wp:attachment":[{"href":"https:\/\/enee.edu.mx\/inclusioneducativa\/wp-json\/wp\/v2\/media?parent=338"}],"curies":[{"name":"wp","href":"https:\/\/api.w.org\/{rel}","templated":true}]}}